0459 and 46.
23
What is the greatest common divisor of 15274943 and 70322?
5023
Calculate the highest common divisor of 87633012 and 42.
6
What is the highest common divisor of 275 and 9575?
25
Calculate the greatest common factor of 70151990 and 4769.
4769
What is the highest common factor of 2257576 and 1298?
118
What is the greatest common divisor of 104433586 and 7442?
7442
What is the greatest common divisor of 25 and 62268350?
25
What is the greatest common divisor of 75 and 2279575?
25
What is the highest common factor of 72256 and 41936?
16
What is the greatest common divisor of 7936 and 1968748?
124
What is the highest common factor of 1139 and 4361968?
67
What is the greatest common factor of 20559911 and 419?
419
Calculate the highest common factor of 21006 and 7738377.
1167
What is the highest common divisor of 230700 and 1092?
12
Calculate the greatest common factor of 4748807086 and 758.
758
Calculate the highest common factor of 11195203 and 842893.
5657
Calculate the greatest common divisor of 47 and 85650262.
47
Calculate the highest common factor of 208 and 5476660592.
208
Calculate the greatest common factor of 6856 and 637426316.
3428
Calculate the highest common factor of 1752 and 305112.
24
What is the highest common factor of 340730387 and 199?
199
Calculate the highest common factor of 10612 and 3459372.
28
Calculate the highest common divisor of 1476479 and 1608.
67
Calculate the highest common factor of 62160 and 4154640.
1680
Calculate the highest common divisor of 117473005 and 52.
13
Calculate the highest common factor of 786 and 133503672.
786
What is the greatest common divisor of 145857 and 15?
3
What is the highest common factor of 4431 and 615487?
211
Calculate the highest common divisor of 4288 and 370470336.
4288
Calculate the highest common divisor of 600 and 76912440.
120
Calculate the highest common divisor of 765302 and 16270200.
6026
Calculate the greatest common factor of 181137 and 223971.
363
Calculate the highest common divisor of 447 and 34315892.
149
Calculate the greatest common divisor of 714 and 5535132.
102
What is the greatest common factor of 16147561 and 17?
1
Calculate the highest common divisor of 23166 and 1499472.
2106
Calculate the highest common divisor of 3 and 35285577.
3
Calculate the greatest common factor of 46472 and 638048.
1256
Calculate the greatest common divisor of 100 and 8640396.
4
What is the highest common divisor of 3727541 and 86?
43
What is the greatest common factor of 264068 and 28?
28
What is the greatest common divisor of 8 and 9907258?
2
What is the highest common factor of 1957 and 20418823?
103
What is the greatest common divisor of 100679 and 30325?
1213
Calculate the highest common divisor of 802749 and 27976264.
9227
Calculate the greatest common factor of 21080 and 37655.
85
What is the greatest common divisor of 10 and 202041990?
10
Calculate the highest common factor of 51229460 and 1294.
1294
What is the highest common factor of 44 and 18604641?
11
Calculate the greatest common factor of 217360 and 769405.
1235
What is the highest common divisor of 3819 and 449819642?
1273
What is the highest common divisor of 1821 and 3489643?
607
What is the greatest common factor of 261972 and 47547?
9
Calculate the greatest common factor of 27812367 and 1017.
9
What is the highest common divisor of 371 and 4141109?
7
What is the highest common factor of 558 and 78757670?
62
What is the greatest common divisor of 13923344 and 58325?
2333
What is the highest common divisor of 814861059 and 1382?
691
Calculate the highest common divisor of 1148585155 and 6785.
6785
Calculate the greatest common divisor of 529907024 and 928.
464
Calculate the greatest common divisor of 475 and 550601.
19
Calculate the greatest common factor of 810000 and 24790.
10
Calculate the highest common factor of 13 and 98680647.
13
What is the highest common divisor of 162530 and 55730?
10
Calculate the highest common divisor of 7525 and 36937.
43
What is the greatest common factor of 629163103 and 94?
47
Calculate the highest common divisor of 5915520 and 17459.
1027
What is the greatest common divisor of 18035105 and 530?
265
What is the greatest common divisor of 84796 and 25084652?
4988
What is the greatest common divisor of 14416 and 2433856?
272
Calculate the highest common divisor of 4485239 and 885.
59
What is the greatest common divisor of 5144205 and 4950?
165
What is the greatest common divisor of 118471024 and 49?
49
What is the greatest common divisor of 243 and 69434523?
27
Calculate the greatest common divisor of 32911906 and 582.
194
Calculate the greatest common divisor of 128128599 and 2935.
587
Calculate the greatest common factor of 24391990 and 20.
10
What is the greatest common divisor of 76 and 110265493?
19
What is the highest common factor of 4476 and 519114?
6
Calculate the highest common divisor of 684 and 75443148.
684
What is the highest common factor of 8457963 and 1661?
151
Calculate the highest common factor of 1821 and 221082.
3
What is the greatest common factor of 6292 and 11134812?
52
Calculate the greatest common divisor of 5751950 and 101000.
5050
Calculate the greatest common factor of 30267652 and 2412.
268
What is the greatest common factor of 6236 and 49368853?
1559
Calculate the greatest common divisor of 3312 and 357276618.
414
Calculate the greatest common divisor of 1727 and 12745304.
11
What is the greatest common divisor of 379776 and 3804384?
2208
Calculate the highest common divisor of 80 and 151759456.
16
Calculate the greatest common factor of 70262606 and 488.
122
Calculate the highest common factor of 64815590 and 140.
70
Calculate the greatest common divisor of 4859 and 43051757.
113
Calculate the greatest common factor of 29251754 and 5586.
266
What is the greatest common divisor of 413135 and 5194?
53
Calculate the highest common factor of 89594766 and 209.
19
What is the highest common divisor of 4568 and 5256626?
1142
Calculate the greatest common divisor of 677104 and 212852.
1676
Calculate the highest common factor of 63 and 34370.
7
What is the highest common factor of 4795 and 1236973?
137
Calculate the highest common divisor of 2570758 and 32098.
2918
Calculate the greatest common divisor of 39106 and 402.
2
What is the greatest common divisor of 3347366 and 30388?
142
What is the highest common divisor of 100720848 and 192?
48
What is the greatest common factor of 171830 and 470?
10
What is the greatest common divisor of 746750 and 13630?
290
Calculate the highest common divisor of 11151 and 1048563.
9
What is the highest common divisor of 678707 and 637651?
1283
What is the highest common divisor of 20829 and 3246?
3
Calculate the highest common divisor of 514 and 19750964.
514
Calculate the greatest common divisor of 91389 and 165689.
743
Calculate the greatest common divisor of 762 and 55063898.
254
What is the greatest common factor of 11 and 772189?
11
What is the highest common divisor of 4196320 and 1060?
20
What is the highest common factor of 46836317 and 33?
11
What is the greatest common factor of 3070 and 366160?
10
What is the highest common divisor of 12740 and 295?
5
Calculate the highest common divisor of 7080 and 435090.
30
Calculate the highest common divisor of 36668 and 2352270.
178
What is the highest common divisor of 370008 and 20808?
72
What is the highest common divisor of 43402755 and 770?
55
What is the highest common divisor of 8200 and 1991575?
1025
What is the greatest common divisor of 25479243 and 1382?
691
Calculate the highest common factor of 75 and 108609775.
25
Calculate the highest common factor of 35170 and 890.
10
Calculate the greatest common factor of 830 and 2583191570.
830
Calculate the greatest common divisor of 1037 and 6307095.
61
Calculate the highest common factor of 2381799 and 11571.
609
Calculate the highest common factor of 9535094 and 198682.
1642
What is the greatest common factor of 588 and 22146656?
28
What is the greatest common divisor of 18 and 3614424?
6
What is the highest common divisor of 1618830 and 6?
6
Calculate the greatest common factor of 5217940 and 8.
4
Calculate the greatest common divisor of 1116 and 1774719.
279
What is the highest common factor of 23086